u(1).
4
Let v(r) = -5*r + 3. Suppose -2*u = d + 83, 0*d - u = 2*d + 178. Let m = 94 + d. Determine v(m).
-12
Suppose 5*a - 7 = u + 5, 4*u + 8*a - 64 = 0. Let m(i) = 2 + 5 - i + i**3 - i**2 - 7*i**2. What is m(u)?
-1
Let s(x) be the first derivative of -3*x**4 + 2*x**3/3 + x**2 + x - 237. What is s(-1)?
13
Let p(u) = 6*u**2 - 7*u - 2. Let v be ((-6)/(-10))/(2/20). Let x(i) = 7*i**2 - 6*i - 2. Let a(z) = v*p(z) - 5*x(z). Determine a(12).
-2
Let d(w) = w**3 - 2*w**3 + 7*w**2 - 3*w - 7 - w**2. Let j be (-4)/2 + (-3 - -10). Give d(j).
3
Suppose -4 = -0*a + a. Let j be 0 + 5 - 1*(0 - -3). Let l(n) = j*n - 2*n - 3 - 3*n - 4*n**2 - n - n**3. Calculate l(a).
13
Let d(v) = 10*v + 2. Let i(f) = -23*f - 5. Let z(t) = -9*d(t) - 4*i(t). What is z(-5)?
-8
Let o(t) = -4*t**3 + t**2 + 4*t + 1. Let k(d) = 3*d**3 - d**2 - 4*d. Let r be 39/(-65) - (-18)/5. Let i(w) = r*k(w) + 2*o(w). Determine i(3).
8
Let b(r) = 5*r**2 - r**2 + 2 + 7*r - 3*r**2. Suppose 41*y - 273 = 80*y. Determine b(y).
2
Suppose 11*i + 188 = 221. Let o(d) = d**3 - 4*d**2 - 2*d + 7. Determine o(i).
-8
Let i(u) = 4*u + 9. Let k(g) = -g - 3. Let l = 2 + 0. Let d(t) = l*i(t) + 7*k(t). What is d(5)?
2
Let m = 1206 - 1203. Let c(w) = 5*w**3 - 3*w**2 - 6*w - 8. Let t(i) = -4*i**3 + 2*i**2 + 5*i + 7. Let u(z) = -5*c(z) - 6*t(z). Calculate u(m).
-2
Let q(g) = 10 + 15 - 10 - 2*g - 36. Calculate q(-13).
5
Suppose 5*b - 50 = -10. Let h(o) = -o**3 + 8*o**2 - o + 8. Calculate h(b).
0
Suppose 2*n = -6 - 8. Let f be 16/9 - (-2)/9. Let o(v) = 6 + v**f - 7*v + 0 - 2*v**2. Give o(n).
6
Let t = 4 + -8. Let a(y) be the first derivative of y**2 + 3*y + 5. Let b(d) = -3*d - 4. Let n(j) = t*a(j) - 3*b(j). Determine n(3).
3
Let u be (6/(-4) - -2)*-10. Suppose 16 = -11*f + 13*f. Let z(h) = -4 + 8*h + f*h - 15*h. What is z(u)?
-9
Let y(k) = k - 6. Let h be (-5)/((-75)/54)*(-100)/60. What is y(h)?
-12
Let r(x) be the third derivative of 1/3*x**4 - 15*x**2 + 0*x - 3/2*x**3 + 0 + 1/60*x**5. What is r(-7)?
-16
Let o(i) be the third derivative of 0*i**3 - 1/60*i**5 + 0 + 7/24*i**4 - 8*i**2 + 0*i. Determine o(6).
6
Let w(p) be the second derivative of -p**3/6 - p**2/2 - 2*p. Let s = 33 - 20. Let f = s + -17. Calculate w(f).
3
Let b(a) be the third derivative of -a**5/60 - a**3/6 + 121*a**2. Give b(3).
-10
Let t(y) be the second derivative of 0 + 2*y - 2/3*y**3 + 0*y**2. Give t(3).
-12
Let m be 1 - ((-2)/(-2) - 3). Suppose 0 = w - 5*r - 2, -m*w - 5*r + 0*r - 34 = 0. Let q be ((-28)/w - 4)*-14. Let c(p) = p**3 - 7*p**2 - 4. Determine c(q).
-4
Suppose -2*y + 3*y - 4*r = 18, -2*r - 36 = -5*y. Let n(g) = -g + 14*g - 11*g + y. Determine n(-5).
-4
Let p(v) = -4*v**3 - 8*v**2 - 7*v - 2. Let m(f) = -f**3 - f**2 - 10*f + f + 8*f. Let s(r) = -3*m(r) + p(r). Determine s(-5).
18
Let t(g) = g**3 + 18*g**2 + 13*g - 57. Let n be t(-17). Let o(w) = -w + 34. What is o(n)?
23
Let a be 34/(1/(15/10)). Suppose 0 = 5*x - 76 + a. Let m(t) = t**2 - 6*t - 5. Give m(x).
-10
Let j be 2/(-2 + 1) - (-17 + -4). Suppose j + 6 = -5*t. Let k(g) = g**2 + g - 1. Let b(s) = 4*s + 8. Let q(a) = b(a) + k(a). Give q(t).
7
Suppose -3*w + 6 + 0 = 0. Let s(c) = w + 0*c - 1 - 2*c. Let t be (-19)/3 - (-3)/9. Determine s(t).
13
Let z(l) = -l - 11. Let g be z(-9). Let x = g - -4. Let y(s) = 2*s - 4 + 1 + x - s. Determine y(-3).
-4
Let l(y) = y**2 + 6*y + 7. Let z be l(-6). Let f(d) = -d**3 + 9*d**2 - 13*d - 1. Let o be f(z). Let m(p) = p + 1. Give m(o).
7
Let a be 73/((-2)/12 - (-56)/48). Let v(f) = -8*f + f**3 + 67 - a + 5*f**2 + 7*f. Determine v(-5).
-1
Suppose 21*x - 160 = 37*x. Let p(s) = -s**3 - 9*s**2 + 10*s + 5. Give p(x).
5
Let v(p) = -p**3 - 5*p**2 - 2*p - 4. Let c(l) be the first derivative of -l**4/2 - 2*l**3 - 3*l**2/2 - 4*l - 11. Let j(r) = -2*c(r) + 3*v(r). Determine j(4).
12
Let a(q) = -q**3 - 3*q**2 - 2*q + 4. Let x be a(-4). Suppose -12 = -5*w + x. Let h = w + -14. Let s(z) = -z**3 - 7*z**2 - 6*z + 2. Calculate s(h).
2
Suppose 6 = 6*j - 12. Suppose 0 = -d - 5*r - 14, -j*d + r - 2 = -4*r. Let c(i) = 2*i**2 + 5*i - 4. Calculate c(d).
8
Let d(j) be the second derivative of -5*j**4/4 + j**2/2 + 15*j + 5. What is d(-1)?
-14
Suppose -5*z + 6 = -9. Suppose 3*m = 5*m - 8, -2*m = -z*f - 2. Suppose -31 = 5*o + f*t, 4*o - 4*t - 5 = -13. Let b(d) = -d**2 - 6*d. Determine b(o).
5
Let u(w) be the first derivative of 3*w**2/2 + 6*w - 58. Calculate u(-4).
-6
Let f be -6*9/81*(-6)/8. Let i(b) be the first derivative of -8 + b - f*b**2. What is i(-3)?
4
Let f(y) = -8 - 8244*y + 8243*y + 1. What is f(10)?
-17
Let s(h) = -h**3 - 3*h**2 + 4*h - 5. Suppose 9 = -2*d + 1. What is s(d)?
-5
Let o(v) = -5*v**2 + 3*v**2 - 19*v**3 + 5 + 18*v**3 + v**2. Suppose 0 = q - 3*x - 2*x + 25, -3*x + 15 = 5*q. What is o(q)?
5
Let v(z) = z**2 - 9*z + 1. Suppose -8*o - 66 + 130 = 0. Calculate v(o).
-7
Let t(v) = -3*v**2 + 4*v + v**3 + 5*v**2 + 3*v**2 + 2. Suppose 14 = -4*i + 6*i. Suppose -i*z + 7 - 28 = 0. Determine t(z).
8
Let r = 506 - 506. Suppose 0*m = 2*m + 3*s + 3, -4*m + 9 = s. Let i(k) = -2 + 0*k**m - 2*k**3 + 3*k**3. What is i(r)?
-2
Suppose o - 70 = -2*r + 4*r, -219 = -3*o - 3*r. Let m = 69 - o. Let q(h) = h**3 + 4*h**2 + 3. Give q(m).
12
Let g be (-3 - 63/(-18))*0. Let p(d) be the third derivative of -5/24*d**4 - 1/2*d**3 + 0*d + 14*d**2 + g + 1/60*d**5. What is p(6)?
3
Let d(x) = 5*x**3 - x**2 - 6*x - 8. Let r(p) = 4*p**3 - 6*p - 7. Let n(v) = 3*d(v) - 4*r(v). Determine n(-4).
-4
Let o(a) = a**2 + 12*a - 12. Suppose -157 - 38 = 15*k. What is o(k)?
1
Let d(k) = -4*k + 2. Let l be d(2). Let h(u) be the third derivative of 5*u**4/24 + 2*u**3 + u**2. Let s(y) = y + 1. Let i(g) = h(g) - 3*s(g). Determine i(l).
-3
Let l(o) be the first derivative of -o**2 + 6*o - 153. Calculate l(10).
-14
Let y(t) be the third derivative of t**5/60 + t**4/3 - t**3/6 - 22*t**2. What is y(-8)?
-1
Let d = -80 + 89. Let r(f) be the first derivative of -f**3/3 + 5*f**2 - 13*f + 2. Calculate r(d).
-4
Let c(z) = 67 - 221 + 68 + 73 - 2*z + z**2. What is c(-4)?
11
Let v(d) = -d**3 + d**2 + 5*d - 13. Let t(i) = -i**3 + 5*i - 12. Let o(g) = 5*t(g) - 4*v(g). Give o(-6).
34
Let b be (4 + -8)*(-3 - -4). Let i(t) = t**3 - 9*t**2 - 4*t + 1. Let n(j) = -j**3 + 8*j**2 + 4*j - 2. Let y(z) = b*i(z) - 5*n(z). Calculate y(4).
-10
Suppose -3*o - 48 = -165. Let u = o - 31. Let k(z) = -z**3 + 8*z**2 - z + 8. Calculate k(u).
0
Let n(f) = -4*f**2 - 7*f - 6. Suppose 40 = 5*u + 60. Calculate n(u).
-42
Suppose -5*i + 42*w = 37*w - 75, 0 = -5*i - 2*w + 47. Let x(k) = k - 9 - 10 + 4. Give x(i).
-4
Suppose -39 = 4*g + 3*p, 3*g + 2*g - 2*p + 20 = 0. Let c(j) = -4*j - 5. Determine c(g).
19
Let v(x) = -8*x - 5*x + 12*x + 2. Let u be -2*3/3 - 1. Let a be ((-8)/6)/((-1)/u). What is v(a)?
6
Let c(v) = 4 - v**2 - 1561*v + 1567*v + 2*v**2. Let i = 49 + -56. Determine c(i).
11
Let r(x) = -x**3 - 9*x**2 - 9*x - 2. Suppose -26*f = 30 + 178. What is r(f)?
6
Let y = 4 - 6. Suppose 4*n - 30 = -5*q + 2*q, -5*q = -2*n + 2. Let d(a) = -n + a + 2 - 2*a**2 + 4 - 2*a**3. Give d(y).
6
Let r(x) = x**2 - 2*x - 3. Let s(o) = -10*o + 3*o**2 - 3*o - 2*o**2 + 7*o + 10. Let b be s(5). Calculate r(b).
12
Suppose 6*v - 4*v - 4 = 0. Let w(d) = 2*d**2 - v + 6*d - 2 - d**3 - d. Determine w(3).
2
Let x(v) be the second derivative of -v**3/6 - v**2/2 - v. Suppose -4 = -h - 2*d, -3*h = h + 4*d - 20. Let f be 18/(-10) + h/(-30) + -4. What is x(f)?
5
Let z(q) = 5*q + 111. Let c be z(-21). Let i(w) = -w**2 + 11*w + 8. Give i(c).
38
Let s(o) be the second derivative of o**6/120 + 11*o**5/60 + o**4/2 + 11*o**3/6 + 6*o**2 + 25*o. Let k(p) be the first derivative of s(p). What is k(-10)?
-9
Let u(a) = -a + 0*a - 2371 + 2374. Determine u(-10).
13
Let b(l) = -l**2 - 22. Let d(s) = -s**2 - s - 19. Let u(t) = -5*b(t) + 6*d(t). What is u(-2)?
4
Let l = 26 + -1. Let f = 27 - l. Let a(j) = -6 + 11 + j**3 - 14 - j**f. Determine a(0).
-9
Let w(l) = 2*l + 1. Let i = -87 + 90. Let b(s) = -s**2 + 2*s. Let j(h) = i*w(h) - 2*b(h). Determine j(-3).
15
Let r(z) be the third derivative of 0 - 1/6*z**3 + 0*z - 1/24*z**4 - 16*z**2. Determine r(-3).
2
Let p(a) = -145*a + 299*a - 147*a. Give p(-2).
-14
Suppose i + 1 = 2*i. Let g(n) = n**2 + 4*n**2 + 1 - 6*n**2 + 0. Let j(m) = -7*m**2 - 3. Let r(a) = -4*g(a) - j(a). Give r(i).
10
Let j(z) = -173*z - 2 + 341*z - 174*z. Calculate j(-1).
4
Suppose 0 